{"id":21,"date":"2019-09-02T19:10:19","date_gmt":"2019-09-02T19:10:19","guid":{"rendered":"https:\/\/kulturchreis-sodhubel.ch\/?page_id=21"},"modified":"2026-02-16T08:38:32","modified_gmt":"2026-02-16T08:38:32","slug":"mitglieder","status":"publish","type":"page","link":"https:\/\/kulturchreis-sodhubel.ch\/?page_id=21","title":{"rendered":"Mitglieder"},"content":{"rendered":"\n<figure class=\"wp-block-table\"><table><tbody><tr><td>Daniel Z\u00fcnd<\/td><td>Gemeindevertreter<\/td><\/tr><tr><td>vakant<\/td><td>Pr\u00e4sident<\/td><\/tr><tr><td>Beatrice Tschanz<\/td><td>Erstellung Drucksachen, Werbung<\/td><\/tr><tr><td>Andrea Zurfluh<\/td><td>Kasse<\/td><\/tr><tr><td>Anita M\u00fcller<\/td><td>Programmgestaltung Anl\u00e4sse<br>info@kulturchreis-sodhubel.ch<br>079 217 55 63<\/td><\/tr><tr><td>Karin Hirter<\/td><td>Aktuarin<\/td><\/tr><tr><td>Eugen L\u00fcscher<\/td><td>Museum<\/td><\/tr><\/tbody><\/table><\/figure>\n\n\n\n<p>E-Mail<br>info@kulturchreis-sodhubel.ch<\/p>\n\n\n\n<p><br><\/p>\n\n\n\n<p><\/p>\n","protected":false},"excerpt":{"rendered":"<p>Daniel Z\u00fcnd Gemeindevertreter vakant Pr\u00e4sident Beatrice Tschanz Erstellung Drucksachen, Werbung Andrea Zurfluh Kasse Anita M\u00fcller Programmgestaltung Anl\u00e4sseinfo@kulturchreis-sodhubel.ch079 217 55 63 Karin Hirter Aktuarin Eugen L\u00fcscher Museum E-Mailinfo@kulturchreis-sodhubel.ch<\/p>\n","protected":false},"author":2,"featured_media":0,"parent":0,"menu_order":0,"comment_status":"closed","ping_status":"closed","template":"","meta":{"footnotes":""},"class_list":["post-21","page","type-page","status-publish","hentry"],"_links":{"self":[{"href":"https:\/\/kulturchreis-sodhubel.ch\/index.php?rest_route=\/wp\/v2\/pages\/21","targetHints":{"allow":["GET"]}}],"collection":[{"href":"https:\/\/kulturchreis-sodhubel.ch\/index.php?rest_route=\/wp\/v2\/pages"}],"about":[{"href":"https:\/\/kulturchreis-sodhubel.ch\/index.php?rest_route=\/wp\/v2\/types\/page"}],"author":[{"embeddable":true,"href":"https:\/\/kulturchreis-sodhubel.ch\/index.php?rest_route=\/wp\/v2\/users\/2"}],"replies":[{"embeddable":true,"href":"https:\/\/kulturchreis-sodhubel.ch\/index.php?rest_route=%2Fwp%2Fv2%2Fcomments&post=21"}],"version-history":[{"count":13,"href":"https:\/\/kulturchreis-sodhubel.ch\/index.php?rest_route=\/wp\/v2\/pages\/21\/revisions"}],"predecessor-version":[{"id":483,"href":"https:\/\/kulturchreis-sodhubel.ch\/index.php?rest_route=\/wp\/v2\/pages\/21\/revisions\/483"}],"wp:attachment":[{"href":"https:\/\/kulturchreis-sodhubel.ch\/index.php?rest_route=%2Fwp%2Fv2%2Fmedia&parent=21"}],"curies":[{"name":"wp","href":"https:\/\/api.w.org\/{rel}","templated":true}]}}